 78090 is divided by 488?
10
What is the remainder when 127787 is divided by 63887?
13
Calculate the remainder when 186979 is divided by 318.
313
Calculate the remainder when 10489 is divided by 374.
17
What is the remainder when 18591 is divided by 224?
223
Calculate the remainder when 3934 is divided by 218.
10
What is the remainder when 1877 is divided by 86?
71
What is the remainder when 6065 is divided by 187?
81
Calculate the remainder when 769 is divided by 609.
160
Calculate the remainder when 6940 is divided by 3445.
50
Calculate the remainder when 24915 is divided by 955.
85
What is the remainder when 17851 is divided by 17476?
375
Calculate the remainder when 254410 is divided by 105.
100
What is the remainder when 1635 is divided by 325?
10
What is the remainder when 2878 is divided by 475?
28
What is the remainder when 322624 is divided by 2734?
12
Calculate the remainder when 4891793 is divided by 1963.
1960
What is the remainder when 405 is divided by 101?
1
Calculate the remainder when 12508 is divided by 1689.
685
Calculate the remainder when 750 is divided by 440.
310
Calculate the remainder when 1811 is divided by 385.
271
What is the remainder when 18129 is divided by 98?
97
What is the remainder when 13374 is divided by 44?
42
Calculate the remainder when 11249 is divided by 66.
29
What is the remainder when 33276 is divided by 1397?
1145
What is the remainder when 1331945 is divided by 198?
197
Calculate the remainder when 14536 is divided by 7265.
6
Calculate the remainder when 222667 is divided by 220.
27
What is the remainder when 8636249 is divided by 1175?
1174
What is the remainder when 99881 is divided by 19976?
1
What is the remainder when 246116 is divided by 280?
276
Calculate the remainder when 736277 is divided by 5.
2
Calculate the remainder when 146397 is divided by 183.
180
Calculate the remainder when 5528 is divided by 199.
155
Calculate the remainder when 3004 is divided by 342.
268
Calculate the remainder when 51503 is divided by 793.
751
Calculate the remainder when 782 is divided by 743.
39
Calculate the remainder when 1972 is divided by 18.
10
What is the remainder when 6750 is divided by 1100?
150
What is the remainder when 1845 is divided by 365?
20
Calculate the remainder when 568 is divided by 36.
28
What is the remainder when 141279 is divided by 77?
61
What is the remainder when 1451 is divided by 25?
1
Calculate the remainder when 40675 is divided by 58.
17
What is the remainder when 640 is divided by 118?
50
Calculate the remainder when 1173622 is divided by 204.
10
Calculate the remainder when 6458 is divided by 3224.
10
Calculate the remainder when 5324 is divided by 55.
44
What is the remainder when 1100091 is divided by 38?
29
Calculate the remainder when 49415 is divided by 2466.
95
What is the remainder when 407962 is divided by 21?
16
Calculate the remainder when 63116 is divided by 31456.
204
Calculate the remainder when 2209 is divided by 726.
31
What is the remainder when 6862 is divided by 430?
412
What is the remainder when 1410 is divided by 53?
32
What is the remainder when 12998715 is divided by 162?
159
Calculate the remainder when 105341 is divided by 5267.
1
What is the remainder when 2610190 is divided by 16?
14
Calculate the remainder when 17112 is divided by 105.
102
What is the remainder when 278629 is divided by 298?
297
Calculate the remainder when 1524 is divided by 1483.
41
Calculate the remainder when 172174 is divided by 67.
51
Calculate the remainder when 237 is divided by 60.
57
What is the remainder when 928 is divided by 7?
4
What is the remainder when 1600514 is divided by 533499?
17
Calculate the remainder when 1650 is divided by 717.
216
What is the remainder when 2281 is divided by 88?
81
What is the remainder when 77894 is divided by 45?
44
What is the remainder when 13718 is divided by 13685?
33
Calculate the remainder when 43065 is divided by 21525.
15
What is the remainder when 6129 is divided by 794?
571
What is the remainder when 4321 is divided by 11?
9
What is the remainder when 8106 is divided by 8?
2
Calculate the remainder when 344589 is divided by 2479.
8
What is the remainder when 1229 is divided by 53?
10
Calculate the remainder when 87748 is divided by 325.
323
What is the remainder when 33985 is divided by 718?
239
What is the remainder when 2744411 is divided by 187?
186
Calculate the remainder when 177548 is divided by 43.
1
What is the remainder when 6187 is divided by 173?
132
Calculate the remainder when 265650 is divided by 67.
62
Calculate the remainder when 2809 is divided by 282.
271
What is the remainder when 2608 is divided by 1293?
22
What is the remainder when 54674 is divided by 288?
242
Calculate the remainder when 8671 is divided by 437.
368
What is the remainder when 6910 is divided by 473?
288
What is the remainder when 1923 is divided by 135?
33
Calculate the remainder when 306 is divided by 61.
1
Calculate the remainder when 143143 is divided by 29.
28
What is the remainder when 605216 is divided by 1075?
1066
What is the remainder when 18208 is divided by 551?
25
What is the remainder when 8417 is divided by 22?
13
Calculate the remainder when 3405 is divided by 85.
5
What is the remainder when 6081 is divided by 62?
5
Calculate the remainder when 148475 is divided by 187.
184
What is the remainder when 3403 is divided by 385?
323
What is the remainder when 72091 is divided by 191?
84
What is the remainder when 1377 is divided by 342?
9
Calculate the remainder when 7612 is divided by 151.
62
Calculate the remainder when 9860 is divided by 69.
62
Calculate the remainder when 631314 is divided by 7174.
2
What is the remainder when 6069 is divided by 179?
162
Calculate the remainder when 1170983 is divided by 527.
516
Calculate the remainder when 1660 is divided by 489.
193
What is the remainder when 122457 is divided by 469?
48
What is the remainder when 1475 is divided by 17?
13
Calculate the remainder when 11699 is divided by 454.
349
What is the remainder when 14106 is divided by 1574?
1514
Calculate the remainder when 596 is divided by 81.
29
Calculate the remainder when 16908 is divided by 888.
36
Calculate the remainder when 37984 is divided by 262.
256
Calculate the remainder when 6397 is divided by 32.
29
Calculate the remainder when 3671 is divided by 164.
63
What is the remainder when 3969 is divided by 244?
65
What is the remainder when 14596 is divided by 974?
960
What is the remainder when 27826 is divided by 27805?
21
Calculate the remainder when 10044 is divided by 24.
12
What is the remainder when 9228 is divided by 2994?
246
Calculate the remainder when 20756 is divided by 119.
50
What is the remainder when 72748 is divided by 6613?
5
Calculate the remainder when 137188 is divided by 45723.
19
What is the remainder when 765433 is divided by 31?
12
Calculate the remainder when 35819 is divided by 85.
34
What is the remainder when 34865 is divided by 6925?
240
Calculate the remainder when 276 is divided by 42.
24
What is the remainder when 13085 is divided by 35?
30
What is the remainder when 711620 is divided by 439?
1
Calculate the remainder when 854 is divided by 210.
14
Calculate the remainder when 205610 is divided by 51402.
2
Calculate the remainder when 9518 is divided by 1522.
386
What is the remainder when 8459 is divided by 436?
175
What is the remainder when 236053 is divided by 309?
286
Calculate the remainder when 4136 is divided by 1001.
132
What is the remainder when 237640 is divided by 3211?
26
What is the remainder when 2002 is divided by 1334?
668
Calculate the remainder when 5247 is divided by 873.
9
Calculate the remainder when 7446 is divided by 1809.
210
Calculate the remainder when 3869 is divided by 68.
61
What is the remainder when 1968 is divided by 15?
3
What is the remainder when 45769 is divided by 211?
193
Calculate the remainder when 2912 is divided by 22.
8
What is the remainder when 10993 is divided by 10986?
7
What is the remainder when 221972 is divided by 114?
14
What is the remainder when 630553 is divided by 14?
7
Calculate the remainder when 16706 is divided by 72.
2
Calculate the remainder when 54062 is divided by 13411.
418
Calculate the remainder when 11101 is 